 124. Is h a multiple of 31?
True
Suppose -3*t = 2*p - 2223, -3*p - 15 = -8*p. Is 28 a factor of t?
False
Let l be (-100)/15*(-36)/(-5). Let k = l - -108. Suppose -3*u = -u - k. Is 15 a factor of u?
True
Let a = -1342 + 2224. Is 11 a factor of a?
False
Suppose -161 = 3*w + 19. Let v = 100 + w. Let s = -14 + v. Is 6 a factor of s?
False
Suppose -3*v - 4*b = -15 + 41, 5*v = 5*b + 15. Let c(g) be the first derivative of -53*g**2/2 - 5*g + 2. Is 13 a factor of c(v)?
False
Is 13 a factor of (-3)/(8/(-49776)*9)?
False
Let i(v) = 2*v**3 + 2*v**2 - v + 1. Let l be i(-2). Let g be l/((-15)/(-6)) + 5. Suppose -g*q = -q - 96. Is q a multiple of 16?
True
Suppose -8*b - 32 = -9*b. Suppose -82 = -3*r + b. Suppose 4*t + 10 = r. Is 7 a factor of t?
True
Let g(k) = -k**3 + 2*k**2 - 2*k - 6. Let w(i) = -2*i**3 + 4*i**2 - 4*i - 12. Let p(n) = -9*g(n) + 4*w(n). Is p(3) a multiple of 7?
True
Suppose -5*b + 8*b - 2118 = -3*r, -b = 5*r - 3538. Is 15 a factor of r?
False
Suppose 2*x = -d + 610, 630 = 2*x - 8*d + 4*d. Is x a multiple of 7?
False
Suppose -70*o = -65*o - 3095. Is 7 a factor of o?
False
Suppose 20*c - 14799 - 1061 = 0. Is c a multiple of 13?
True
Is ((-1080)/35)/((-10)/455) a multiple of 78?
True
Let p be 56/(-196) + 220/(-14). Let c = 40 - p. Does 5 divide c?
False
Let m(x) = 3*x**3 + 2*x**2 + x - 2. Suppose -2*r + 0*r = 0. Let h = 2 + r. Is m(h) a multiple of 20?
False
Let q = 103 + -144. Let h = -8 - q. Let x = h + -20. Is x a multiple of 5?
False
Let r(q) = 2*q - 16. Let u be r(9). Suppose 2*j - 6*j + 56 = -u*m, -3*j - 4*m + 20 = 0. Suppose f - 1 = j. Is 3 a factor of f?
False
Let t(n) = -3*n - 16. Let s be t(-7). Suppose s*f = 4*c + f - 52, 3*c + 3*f - 39 = 0. Does 10 divide c?
False
Let c = 55 - 52. Suppose 3*s - r - 30 = c*r, 0 = -4*s + r + 53. Is s a multiple of 3?
False
Let t(z) = -2*z**3 + 46*z**2 + 30*z - 9. Is 8 a factor of t(23)?
False
Let c = -40 + 41. Is 30 a factor of c/(12/(-40))*-36?
True
Let j(v) = v + 22. Suppose 3*q - 33 = 3*y, -4*y = -q - 7*y + 19. Let b = q - 23. Does 2 divide j(b)?
True
Let o be ((-10)/4 - -2)*-14. Suppose 0 = -3*m + o + 5. Is 11 a factor of m/(-8)*11*-6?
True
Let x = 0 - -2. Suppose 246 = 3*m - 2*j - j, x*m - 163 = j. Is 39 a factor of m?
False
Let q = 3397 - 2003. Is q a multiple of 17?
True
Suppose -13*p = -2*p - 1837. Does 12 divide p?
False
Let r(k) = -23*k + 890. Is r(34) a multiple of 4?
True
Let y(j) = -13*j**2 - 4*j + 2*j**2 + 3*j**2 + 9*j**2 + 5. Suppose 4*o + 2*l - l + 17 = 0, 2*l - 11 = o. Is y(o) a multiple of 10?
True
Let c = 388 - 243. Let w = 316 - c. Suppose d + d = -g + 57, -2*d = 3*g - w. Is 19 a factor of g?
True
Let x = 0 - -9. Let y = 32 + x. Does 11 divide y?
False
Let d = -94 - -104. Suppose -d*t + 9*t = -37. Is 3 a factor of t?
False
Let l(x) = -6*x + 6. Let c(m) = m**2 - m + 1. Let k(r) = 6*c(r) - l(r). Is 6 a factor of k(1)?
True
Let d(j) be the second derivative of -j**4/12 - 5*j**3/2 + 5*j**2/2 - 15*j. Is 7 a factor of d(-12)?
False
Suppose 14*k + 317 - 10621 = 0. Is k a multiple of 24?
False
Let b(x) = -x**2 - 7*x + 3. Let h be b(-7). Let f be (-2)/8 - h/(-12). Suppose 0 = 5*u - f*u - 115. Is u a multiple of 20?
False
Let h(v) = 2*v**2 - v + 5. Let r be (4 - 2) + 1*-2. Suppose r*j + 15 = -3*j. Does 30 divide h(j)?
True
Let a be (-4 + 1)/(-3)*63. Let k be (-7)/9 - 14/a. Let c(b) = -28*b**3 - 1. Is 9 a factor of c(k)?
True
Suppose 0 = -3*z - 4*s + 10, 9*z + 5*s = 4*z + 15. Suppose -2 = z*b, u - 5*b + 310 = 4*u. Is u a multiple of 35?
True
Suppose 4*g + 2*q + 7 = 5*q, -q + 5 = 0. Suppose -g*h + 8 = h + 5*k, -5*h + 2*k + 34 = 0. Suppose -3*z - 135 = -h*z. Is z a multiple of 15?
True
Is (8 + (54 - -10))*2 a multiple of 12?
True
Is 10*(-260)/(-50) - (1 - -4) a multiple of 47?
True
Suppose 91*f = 115*f - 4320. Is f a multiple of 12?
True
Let c(m) = -m**3 + 9*m**2 - 18*m + 3. Let p be (8/(-14))/(6/(-63)). Is c(p) a multiple of 2?
False
Let m = -7 - 5. Let q be 2/m - (-2221)/6. Suppose s = -4*s + q. Is 41 a factor of s?
False
Let q = 38 + -101. Is 20 a factor of (90/q)/(2/(-28))?
True
Suppose 4*s - 5*s + 207 = 0. Let j(z) = -z + 3. Let r be j(-6). Suppose -4*m = -r - s. Is 18 a factor of m?
True
Let d = 3 + -3. Suppose -3*b + 79 + 80 = d. Does 24 divide b?
False
Suppose -16*k + 9*k = -28. Suppose 2*n + 2*x = -x + k, -3*n - 3*x + 12 = 0. Is n a multiple of 4?
True
Suppose -5*j - 11 = -1526. Let t = j - 201. Let y = t - 73. Is 26 a factor of y?
False
Suppose -4*t - 14*d + 12*d + 7740 = 0, 5*t - 2*d - 9684 = 0. Does 18 divide t?
False
Does 73 divide ((-1033)/4)/(5/(-280)*7)?
False
Let d be (-2 + (2 - 0))/(-1). Let m = d - -52. Does 26 divide m?
True
Is ((-1408)/(-5))/(57/570) a multiple of 11?
True
Suppose 0 = 3*m - 3*t - 1092, -m - 13*t + 17*t = -364. Is 13 a factor of m?
True
Let f(v) = -3*v**2 - 14 + 11*v + 2*v**2 + 1. Is 5 a factor of f(7)?
True
Let y(t) = 3*t - 16. Let a be y(7). Suppose -4*p + 129 = -a*f - 305, 4*p - 436 = 4*f. Does 37 divide p?
True
Suppose -8*m = -5*m - 81. Let w = m - 22. Suppose -456 = -w*j - 3*s, -280 = -j - 2*j - 5*s. Is j a multiple of 30?
True
Let p(g) = -g**3 - 10*g**2 - 8*g + 10. Let u be p(-9). Suppose u = 4*t - 3*a, 0*t + 45 = 5*t + 5*a. Suppose 3*k = t*k - 69. Does 25 divide k?
False
Suppose -o + 12 = -4*l, -2*l = 3*o - 5*l - 9. Suppose u + o*u = 50. Is u a multiple of 10?
True
Let p = -66 + 104. Suppose -10 = -l + p. Is l a multiple of 24?
True
Let i(w) = w**3 - w**2 - w - 1. Let o be i(3). Suppose -5*s - u + 9 = 0, u - 7 = -2*s - 2*s. Let b = o - s. Is 3 a factor of b?
True
Let p(b) = b**2 + 6*b + 4. Let v be p(-8). Let t = v - 11. Is t even?
False
Suppose 0*h - 5*h = -3*o + 30, -4*o - 47 = 3*h. Let v = h + 3. Is 11 a factor of (-66)/2*6/v?
True
Let g(z) = -2*z**2 - 4*z + 2*z - 8 - 4*z**2 + z**3 + 0*z**2. Let i be g(6). Does 4 divide (180/i)/((-3)/10)?
False
Let b be 3 - (14 - (-9)/(-3)). Let w be (-2)/(((-20)/b)/(-5)). Suppose u - 360 = -w*u. Is 19 a factor of u?
False
Let t be 6 + 4 + -3 + 2. Let g(b) = 7*b - 11. Let w be g(t). Does 11 divide 1/(1*4/w)?
False
Let o be 2 - 3*5/15. Is 11 a factor of -8 - -59 - (o - 2)?
False
Suppose -4*v + 2*u + 17156 = -2*u, -5*v = 3*u - 21405. Is 28 a factor of v?
True
Let w(m) = 39*m**3 + m**2 - m + 1. Let f be w(1). Let z = -23 + f. Let b = 33 - z. Is b a multiple of 16?
True
Let u(i) = 11*i**2 - 6*i + 5 - 6*i + i**3 - 13. Let c be u(-12). Let g(n) = -n**3 - 8*n**2 - 4*n - 12. Is g(c) a multiple of 10?
True
Suppose -2*w = m - 499 - 99, 3*m + 1216 = 4*w. Is w a multiple of 31?
False
Suppose 4*d - 7*d + 3 = 0. Let j be (3 + (-3)/3)*d. Suppose 3*b - 159 = -5*w, -5*w = -7*b + j*b - 135. Is 10 a factor of w?
True
Let q = 21 - 19. Suppose -2*w + 0*w + 241 = -5*l, 0 = 2*w + q*l - 206. Does 27 divide w?
True
Suppose 4*t + 1 = 9. Suppose 4*w = 4*k - 224, 5*k + 3*w = w + 315. Let v = k - t. Is v a multiple of 10?
False
Suppose 0 = -t + 12*t - 814. Let k = 99 - t. Is k a multiple of 16?
False
Let s(o) = 2*o**2 + 46*o + 89. Does 25 divide s(-37)?
True
Let t = 338 + -119. Does 73 divide t?
True
Let d(k) = 5 + 2 + 0 - 10*k + 3*k. Let s be d(6). Let f = s + 45. Is 10 a factor of f?
True
Suppose -3*s + 4*s - 130 = 0. Suppose -5*g + s = 4*j, -5*g - 2*j - 44 = -184. Does 10 divide g?
True
Suppose -2*o - 11 = -69. Suppose -4*k + 16 = -3*v, -12 = k - 4*k + 3*v. Suppose o = k*w - 139. Does 14 divide w?
True
Let c be ((-2)/(-3))/(4/(-12)). Does 30 divide 210*-1*(-1 + c)/3?
True
Let y(z) = -z**3 + 17*z**2 - 9*z + 15. Let p be y(16). Suppose 3*x - 328 = -p. Does 13 divide x?
False
Let r = 950 + 138. Does 32 divide r?
True
Let i(g) = g**2 + g - 14. Let s be i(10). Suppose 0 = -u + 4*u + s. Let r = u + 84. Does 8 divide r?
False
Suppose 4*s - 2*f + 6 = 0, f + 9 = -4*s + 4*f. Suppose -k + 2*d = -16, 2 = -2*k + 5*d + 36. Suppose -2*o + 108 - k = s. Is 12 a factor of o?
True
Let s be (16 + -15)/((-2)/(-58)). Let y = s + -22. Does 4 divide y?
False
Suppose h = -239 + 1055. Does 16 divide h?
True
Let x(l) = 276*l + 7. Is 17 a factor of x(1)?
False
Let m = 195 + 141. Does 8 divide m?
True
Let l(a) = 34 + 3*a**2 + 153*a - 5*a**2 - 139*a + a**2. Is 11 a factor of l(15)?
False
Suppose -o - 3 = -r + 2*o, 0 = -5*r - 4*o + 15. Let w(t) = -6*t**2 + 11 + 14*t**2 - 7 + 2. Does 39 divide w(r)?
True
Suppose -4*p + 74 = 2*v, -9*v + 66 = -6*v - 3*p. Suppose -3*